0*o = 0. Suppose 0 = -o*z + z - 17. Suppose 3*f - 15 = 0, 4*t = -4*f + 202 + 566. Calculate the highest common divisor of t and z.
17
Suppose -2*r + 4*r + 2 = 4*i, 3*r = 3*i. What is the highest common divisor of r and 11?
1
Let i(o) = o - 3. Let b be i(5). Suppose -2*v - v = -b*n - 248, -3*n + 148 = 2*v. Calculate the greatest common factor of 16 and v.
16
Let h = -20 - -26. What is the greatest common divisor of h and 6?
6
Let j(b) = -b**2 - 11*b + 74. Let w be j(-15). What is the highest common divisor of w and 238?
14
Let n(h) = h**3 + 6*h**2 - h - 9. Let o be n(-5). What is the greatest common factor of o and 42?
21
Let n(q) = q**2 - q. Let a be n(5). Let r be 56/a - 2/(-10). Calculate the highest common divisor of r and 33.
3
Let z = 112 - 98. What is the greatest common factor of z and 2?
2
Let z(h) = -h**2 + 7*h + 8. Let i be z(8). Let k(f) = -f**3 - f + 64. Let y be k(i). What is the highest common factor of 8 and y?
8
Let q = 10 + -20. Let z be 6/(-15) - (-6)/q. Let v be 14/2 + 0 + z. Calculate the greatest common divisor of 30 and v.
6
Suppose 4*z + 5*j = -4 + 149, 0 = -5*z - 3*j + 191. Let p(f) = 6*f + 2. Let y be p(1). Calculate the highest common divisor of z and y.
8
Let u be -5 + -4*(-354)/24. Let l = 0 - -6. What is the highest common divisor of u and l?
6
Suppose -5*z - 183 = -3*x, 0 = 3*z + 2*z + 15. Calculate the highest common divisor of 7 and x.
7
Let v be (-3)/6 + (-15)/(-2). Let f = 14 - v. Suppose n - 7 = f. Calculate the highest common factor of 70 and n.
14
Let i(m) = -2*m**3 - m**2 + 4*m + 3. Let j be i(-3). What is the greatest common divisor of j and 90?
18
Let w(l) = l**3 + 8*l**2 + 3*l - 4. Let f be w(-6). Suppose 0 = 3*k + 3*y - 45, 0*k - 2*y = -2*k + 50. What is the highest common factor of k and f?
10
Let i be ((-6)/(-4))/((-3)/4). Suppose 3*n + 2*g - 46 = 0, 2*n = -n - g + 41. Let r = i + n. What is the highest common divisor of 110 and r?
10
Suppose 0 = -5*j - 20, 4*h - 37 = 5*j + 43. Calculate the greatest common factor of h and 135.
15
Suppose -21 = -2*n - 5. Let m = n - -4. What is the greatest common factor of 24 and m?
12
Suppose 5*w - 1 = 3*i + 57, 4*w + i - 60 = 0. Let j be (-210)/9*6/2*-1. What is the highest common factor of j and w?
14
Suppose -u - 25 = -0*u. Let n = u + 53. Calculate the highest common factor of n and 42.
14
Suppose 2*u + 2*u + 3*l = 696, -2*l - 847 = -5*u. What is the greatest common divisor of u and 19?
19
Suppose 3*w - w + 34 = a, -w = -4*a + 24. Let s be (-4)/(-2) - (-51)/(-1). Let o = w - s. What is the greatest common factor of 11 and o?
11
Suppose 1 - 7 = 3*z. Let b be 3 + z/2 - -38. What is the highest common divisor of b and 8?
8
Let x = 166 - 236. Let d be (8/20)/((-2)/x). Calculate the greatest common divisor of d and 14.
14
Let n = 4 + -4. Suppose -y + 4*p = 4*y - 54, y - 5*p - 15 = n. Suppose a - 2*m - 2 = -0, -5*a - 3*m = -y. What is the highest common factor of a and 2?
2
Suppose 0 = -4*n + 4, 4*s + n = 8 - 3. Let p be (2/6)/(s/9). Suppose p*x = -2*j + 1, -j + 2*x + x + 23 = 0. What is the highest common factor of 72 and j?
8
Suppose 5*v - v = 100. Calculate the highest common factor of v and 10.
5
Let r(c) = -2*c - 4. Let z be r(-5). Let y be z + 61 - (-3)/1. Let l = -2 + 12. What is the greatest common factor of l and y?
10
Let o be (272/(-32))/((-2)/(-44)*-1). Let d be (-138)/(-8) - 2/8. Calculate the highest common divisor of o and d.
17
Suppose -4*w + 31 + 5 = 0. Let q be (w/6 + -2)*2. Let z be -2 - (0 + 12/q). What is the greatest common factor of z and 2?
2
Suppose 4*s - 3*s + 58 = 0. Let b = s + 113. Calculate the greatest common divisor of b and 5.
5
Suppose 2*z = -4*y + 166, -z = 4*y + y - 92. What is the highest common divisor of z and 22?
11
Let u be 0 + 4 + 3/1. Suppose 0 = -b + 3*s + 7, 5*s + u - 2 = 5*b. Let p be (5/2 + b)*20. What is the greatest common divisor of 2 and p?
2
Let h = -115 - 53. Let i = h - -258. Calculate the greatest common divisor of 10 and i.
10
Let h be -5 - -3 - 0/3. Let o be h*39/(-12)*4. Calculate the greatest common factor of o and 26.
26
Let h(m) = -m**3 + 7*m**2 - 5*m - 2. Let d be h(6). Let o be ((-3)/2)/(d/24). Let g be -75*(12/o + 1). What is the greatest common factor of 10 and g?
5
Let j(q) = 5*q**2 - 3*q - 1. Let z be j(-1). Suppose 3*y + 31 = 4. Let s = z - y. Calculate the highest common factor of 8 and s.
8
Let c(m) = -2*m - 2. Suppose 0 = -3*y + 5 + 1. Let n be c(y). Let v(k) = 2*k**2 + 10*k + 9. Let p be v(n). What is the greatest common factor of p and 3?
3
Let x = -3 + 21. Let z = -7 + x. What is the highest common factor of z and 55?
11
Suppose -2*z - 3*o = -53, -2*z - 2*z - 3*o + 97 = 0. Let h = 34 - z. Suppose 0*b - 96 = -2*b. What is the highest common divisor of b and h?
12
Let q be -5*(0 - (-1)/(-1)). Let m = q + -3. Let a be 55*(0 - 2/(-5)). What is the highest common factor of a and m?
2
Suppose -60 - 24 = -4*d. Suppose 0 = -d*i + 17*i + 36. Calculate the highest common factor of i and 27.
9
Let n be (0 + -12)*(-54)/27. What is the highest common factor of 120 and n?
24
Suppose 9*c - 6*c - 75 = 0. Suppose 0 = -5*i + 463 + 412. What is the highest common factor of i and c?
25
Suppose -1 = t + 2, 2*c - 3*t = 23. Calculate the greatest common factor of 49 and c.
7
Let z be 1*2 + (-22 - 7). Let t = 49 + z. Calculate the highest common divisor of t and 88.
22
Let r = 21 - 25. Let w be r/((20/(-12))/5). What is the greatest common factor of w and 24?
12
Suppose 4*h = 2*o - 0*o + 42, 0 = -5*h + 2*o + 54. Let k(w) = w**2 - w - 2. Let g be k(3). What is the highest common divisor of g and h?
4
Let v(q) = -2*q + 1. Let h be v(-2). Calculate the highest common factor of 35 and h.
5
Suppose 3*o - 25 = -5*l, 5*o - 2*o - 3*l = 57. Suppose m - o = 37. Calculate the greatest common factor of 26 and m.
26
Let g = -64 + 65. Suppose 0 = -3*l - 5*u, -5*l - 3*u = -8 - 8. Suppose 0*b + 5 = l*b. Calculate the greatest common divisor of g and b.
1
Let p be 2/(-9) - (-4298)/63. Suppose -p = -4*j + 4. What is the greatest common factor of 27 and j?
9
Let z(g) = 4*g + 16. Let k be z(12). Calculate the highest common divisor of k and 32.
32
Suppose -2*a = -5*y + 35 - 2, 20 = -5*a. Suppose 2 + y = u. Let b(l) = -12*l - 1. Let c be b(-3). Calculate the highest common divisor of c and u.
7
Let k(l) be the second derivative of l**5/20 + l**4/3 - 7*l**3/6 - 5*l**2/2 - 9*l. Let b be k(-4). What is the highest common divisor of b and 253?
23
Suppose 7 = z + i, -4*z + 2*i - i = -8. Let l(x) = 5*x**2 - 2*x + 3. Let m be l(z). Calculate the highest common divisor of m and 28.
14
Let p(n) be the third derivative of -n**4/8 - n**3/2 - 4*n**2. Let x be p(-7). What is the highest common divisor of 36 and x?
18
Let h(s) = s**2 - 4*s + 3. Let n be h(-6). Let r(w) = 6*w**2 + 1. Let t be r(-1). What is the highest common factor of n and t?
7
Suppose -2*r - 10 = -2. Let d be (10/r)/(3/(-6)). Let b be (-15)/(-2)*4/3. What is the greatest common divisor of b and d?
5
Let g(p) = -p**3 + 2*p**2 + 4*p. Let b be g(3). Suppose -4 = 4*q + 12. Let y be -2*b*2/q. What is the greatest common factor of 12 and y?
3
Let a(y) = y**3 + y**2 - y + 3. Let n be a(0). Let r = 9 + n. Suppose 14 = 2*w - 10. Calculate the greatest common divisor of w and r.
12
Let o be 11 - 4 - 4/(-2). Suppose 0 = 6*n - n + 20. Let x = n + o. Calculate the highest common divisor of x and 40.
5
Let h(q) = -9*q + 5. Let s be h(-5). Let k = -53 - -73. Calculate the greatest common factor of s and k.
10
Suppose -5*b = -2*b. Suppose b = 3*t - 2*j - 30, -2*t + 5*j = 2*t - 47. What is the highest common divisor of 4 and t?
4
Let t be 12/(-16) + 1/(-4). Let i(j) = -j + 1. Let m be i(t). Calculate the greatest common divisor of m and 22.
2
Suppose -16*s + 11*s = -105. Calculate the greatest common factor of s and 14.
7
Suppose 0 = 2*m + 21 - 35. Calculate the greatest common factor of 7 and m.
7
Suppose f + 92 = 5*f. Suppose 3*t = -2*p + 316, 3*t + 2*t = -10. What is the highest common factor of f and p?
23
Let p = 13 + 243. What is the highest common factor of 32 and p?
32
Let f be (-2)/(-6) + (-118)/(-6). Suppose -6*r = -2*r + x - 108, 0 = 5*x - f. Let d = r - -8. Calculate the greatest common factor of 17 and d.
17
Let u(l) = -l**3 + 6*l**2 + 2*l - 7. Let w be u(6). Suppose 2*x = 4*m - 5 -